[INFO] fetching crate har-v0-8-1 0.8.1...
[INFO] checking har-v0-8-1-0.8.1 against master#9610dfe5a9a731ced1ea4923ecbd0c57fe367898 for beta-170-4
[INFO] extracting crate har-v0-8-1 0.8.1 into /workspace/builds/worker-0-tc1/source
[INFO] validating manifest of crates.io crate har-v0-8-1 0.8.1 on toolchain 9610dfe5a9a731ced1ea4923ecbd0c57fe367898
[INFO] running `Command { std: CARGO_HOME="/workspace/cargo-home" RUSTUP_HOME="/workspace/rustup-home" "/workspace/cargo-home/bin/cargo" "+9610dfe5a9a731ced1ea4923ecbd0c57fe367898" "metadata" "--manifest-path" "Cargo.toml" "--no-deps", kill_on_drop: false }`
[INFO] started tweaking crates.io crate har-v0-8-1 0.8.1
[INFO] finished tweaking crates.io crate har-v0-8-1 0.8.1
[INFO] tweaked toml for crates.io crate har-v0-8-1 0.8.1 written to /workspace/builds/worker-0-tc1/source/Cargo.toml
[INFO] crate crates.io crate har-v0-8-1 0.8.1 already has a lockfile, it will not be regenerated
[INFO] running `Command { std: CARGO_HOME="/workspace/cargo-home" RUSTUP_HOME="/workspace/rustup-home" "/workspace/cargo-home/bin/cargo" "+9610dfe5a9a731ced1ea4923ecbd0c57fe367898" "fetch" "--manifest-path" "Cargo.toml", kill_on_drop: false }`
[INFO] running `Command { std: "docker" "create" "-v" "/var/lib/crater-agent-workspace/builds/worker-0-tc1/target:/opt/rustwide/target:rw,Z" "-v" "/var/lib/crater-agent-workspace/builds/worker-0-tc1/source:/opt/rustwide/workdir:ro,Z" "-v" "/var/lib/crater-agent-workspace/cargo-home:/opt/rustwide/cargo-home:ro,Z" "-v" "/var/lib/crater-agent-workspace/rustup-home:/opt/rustwide/rustup-home:ro,Z" "-e" "SOURCE_DIR=/opt/rustwide/workdir" "-e" "CARGO_TARGET_DIR=/opt/rustwide/target" "-e" "CARGO_HOME=/opt/rustwide/cargo-home" "-e" "RUSTUP_HOME=/opt/rustwide/rustup-home" "-w" "/opt/rustwide/workdir" "-m" "1610612736" "--user" "0:0" "--network" "none" "ghcr.io/rust-lang/crates-build-env/linux@sha256:19e73879b68f455e41552ea35293514db52ea292d993f571636dbffedb77a1ee" "/opt/rustwide/cargo-home/bin/cargo" "+9610dfe5a9a731ced1ea4923ecbd0c57fe367898" "metadata" "--no-deps" "--format-version=1", kill_on_drop: false }`
[INFO] [stdout] 70ac549cd0f584f8ab785ae03ff9c760aae157ebaed7ca34ba3807413f9bde91
[INFO] running `Command { std: "docker" "start" "-a" "70ac549cd0f584f8ab785ae03ff9c760aae157ebaed7ca34ba3807413f9bde91", kill_on_drop: false }`
[INFO] running `Command { std: "docker" "inspect" "70ac549cd0f584f8ab785ae03ff9c760aae157ebaed7ca34ba3807413f9bde91", kill_on_drop: false }`
[INFO] running `Command { std: "docker" "rm" "-f" "70ac549cd0f584f8ab785ae03ff9c760aae157ebaed7ca34ba3807413f9bde91", kill_on_drop: false }`
[INFO] [stdout] 70ac549cd0f584f8ab785ae03ff9c760aae157ebaed7ca34ba3807413f9bde91
[INFO] running `Command { std: "docker" "create" "-v" "/var/lib/crater-agent-workspace/builds/worker-0-tc1/target:/opt/rustwide/target:rw,Z" "-v" "/var/lib/crater-agent-workspace/builds/worker-0-tc1/source:/opt/rustwide/workdir:ro,Z" "-v" "/var/lib/crater-agent-workspace/cargo-home:/opt/rustwide/cargo-home:ro,Z" "-v" "/var/lib/crater-agent-workspace/rustup-home:/opt/rustwide/rustup-home:ro,Z" "-e" "SOURCE_DIR=/opt/rustwide/workdir" "-e" "CARGO_TARGET_DIR=/opt/rustwide/target" "-e" "CARGO_INCREMENTAL=0" "-e" "RUST_BACKTRACE=full" "-e" "RUSTFLAGS=--cap-lints=forbid" "-e" "RUSTDOCFLAGS=--cap-lints=forbid" "-e" "CARGO_HOME=/opt/rustwide/cargo-home" "-e" "RUSTUP_HOME=/opt/rustwide/rustup-home" "-w" "/opt/rustwide/workdir" "-m" "1610612736" "--user" "0:0" "--network" "none" "ghcr.io/rust-lang/crates-build-env/linux@sha256:19e73879b68f455e41552ea35293514db52ea292d993f571636dbffedb77a1ee" "/opt/rustwide/cargo-home/bin/cargo" "+9610dfe5a9a731ced1ea4923ecbd0c57fe367898" "check" "--frozen" "--all" "--all-targets" "--message-format=json", kill_on_drop: false }`
[INFO] [stdout] 1c27246d54a880f49cdbc7aa444d7de438b70514e0e4429d659f38d08b06b281
[INFO] running `Command { std: "docker" "start" "-a" "1c27246d54a880f49cdbc7aa444d7de438b70514e0e4429d659f38d08b06b281", kill_on_drop: false }`
[INFO] [stderr]    Compiling serde_derive v1.0.159
[INFO] [stderr]    Compiling fnv v1.0.7
[INFO] [stderr]    Compiling serde v1.0.159
[INFO] [stderr]    Compiling ident_case v1.0.1
[INFO] [stderr]    Compiling strsim v0.10.0
[INFO] [stderr]    Compiling syn v2.0.13
[INFO] [stderr]    Compiling syn v1.0.109
[INFO] [stderr]    Compiling serde_json v1.0.95
[INFO] [stderr]     Checking unsafe-libyaml v0.2.7
[INFO] [stderr]     Checking glob v0.3.1
[INFO] [stderr]    Compiling thiserror-impl v1.0.40
[INFO] [stderr]    Compiling darling_core v0.14.4
[INFO] [stderr]     Checking thiserror v1.0.40
[INFO] [stderr]    Compiling darling_macro v0.14.4
[INFO] [stderr]    Compiling darling v0.14.4
[INFO] [stderr]    Compiling serde_with_macros v2.3.1
[INFO] [stderr]     Checking serde_with v2.3.1
[INFO] [stderr]     Checking serde_yaml v0.9.19
[INFO] [stderr]     Checking har-v0-8-1 v0.8.1 (/opt/rustwide/workdir)
[INFO] [stdout] error[E0432]: unresolved import `har`
[INFO] [stdout]  --> examples/printer.rs:2:5
[INFO] [stdout]   |
[INFO] [stdout] 2 | use har::{from_path, to_json, Error};
[INFO] [stdout]   |     ^^^ use of undeclared crate or module `har`
[INFO] [stdout] 
[INFO] [stdout] 
[INFO] [stdout] error[E0433]: failed to resolve: use of undeclared crate or module `har`
[INFO] [stdout]  --> examples/printer.rs:7:15
[INFO] [stdout]   |
[INFO] [stdout] 7 |         match har::from_path(path) {
[INFO] [stdout]   |               ^^^
[INFO] [stdout]   |               |
[INFO] [stdout]   |               use of undeclared crate or module `har`
[INFO] [stdout]   |               help: a builtin type with a similar name exists: `char`
[INFO] [stdout] 
[INFO] [stdout] 
[INFO] [stdout] error[E0433]: failed to resolve: use of undeclared crate or module `har`
[INFO] [stdout]   --> examples/printer.rs:17:32
[INFO] [stdout]    |
[INFO] [stdout] 17 |                 println!("{}", har::to_json(&spec).unwrap());
[INFO] [stdout]    |                                ^^^
[INFO] [stdout]    |                                |
[INFO] [stdout]    |                                use of undeclared crate or module `har`
[INFO] [stdout]    |                                help: a builtin type with a similar name exists: `char`
[INFO] [stdout] 
[INFO] [stdout] 
[INFO] [stdout] error: aborting due to 3 previous errors
[INFO] [stdout] 
[INFO] [stdout] 
[INFO] [stderr] error: could not compile `har-v0-8-1` (example "printer") due to 4 previous errors
[INFO] [stdout] Some errors have detailed explanations: E0432, E0433.
[INFO] [stdout] 
[INFO] [stdout] For more information about an error, try `rustc --explain E0432`.
[INFO] [stdout] 
[INFO] running `Command { std: "docker" "inspect" "1c27246d54a880f49cdbc7aa444d7de438b70514e0e4429d659f38d08b06b281", kill_on_drop: false }`
[INFO] running `Command { std: "docker" "rm" "-f" "1c27246d54a880f49cdbc7aa444d7de438b70514e0e4429d659f38d08b06b281", kill_on_drop: false }`
[INFO] [stdout] 1c27246d54a880f49cdbc7aa444d7de438b70514e0e4429d659f38d08b06b281
